 + -1840. Let f be -5*(-2)/(4/(-2)). Let p = f + y. List the prime factors of p.
2, 73
Let w be (-4)/(-2)*1253/(-56)*-4. Let p(o) = 4*o - 16. Let m be p(5). Suppose -3*y + 289 = m*x, 0 = 2*y - 5*x - 52 - w. What are the prime factors of y?
103
Suppose 360 - 84 = -3*h. Let m = 210 + h. What are the prime factors of m?
2, 59
Let d = 29 + -23. Let q(c) = 7*c**3 + 8*c**2 + 11*c - 3. Let m(u) = -u**3 - u - 1. Let p(a) = d*m(a) + q(a). What are the prime factors of p(-7)?
5
Let x(o) be the first derivative of -10*o**2 + 104*o - 111. What are the prime factors of x(-8)?
2, 3, 11
Let t = 560 - 544. List the prime factors of (-20038)/54*-3 - t/72.
3, 7, 53
Suppose 2*t + 4*f = -0*t + 510, 5*t - 1249 = 3*f. What are the prime factors of t?
251
Let i(v) = 53 - 59*v**3 - 20 - 2*v - 25*v**2 + 62*v**3. List the prime factors of i(10).
3, 19
Suppose -n + 3*r = -13521, -7*r + 5*r + 12 = 0. What are the prime factors of n?
3, 4513
Let j(k) = 37*k**2 - 297*k - 12693. List the prime factors of j(-39).
3, 7, 37, 71
What are the prime factors of ((-55245)/(-10) + 24)/(6/8)?
2, 3, 137
Let k = -1995 + 29099. What are the prime factors of k?
2, 7, 11
Suppose -5*j - 217 + 207 = 0. Suppose 3*l - 5*q + 9 = -q, 4*l = q - 12. What are the prime factors of (l + 6)*(j + 39)?
3, 37
Suppose 0 = -0*x - 3*x - 2*x. What are the prime factors of 0*(-7)/(-35) - (x - 103)?
103
Let o(w) = w**3 + 2*w**2 + 2*w + 1. Let a(s) = -201*s**3 - 7*s**2 - 4*s - 2. Let c(z) = a(z) + 2*o(z). List the prime factors of c(-1).
2, 7
Let a(s) = -40*s + 973. What are the prime factors of a(-5)?
3, 17, 23
Let v(w) = 346*w**2 - 5*w - 12. What are the prime factors of v(3)?
3, 7
Let v = 472 + -2096. Let m = v - -2348. What are the prime factors of m?
2, 181
Let s = -263 - -265. List the prime factors of (-1 + -2268 - s)/(-3).
757
Suppose 0 = -4*y + t + 4261 + 1108, 3*t = -5*y + 6690. Suppose -894 = -0*l - 2*l + 4*u, 3*l + 3*u - y = 0. What are the prime factors of l?
3, 149
Let q(o) = 2266*o - 1895. List the prime factors of q(6).
11701
Suppose 0 = -3*i - 8*b + 4*b + 63234, i + 2*b - 21082 = 0. What are the prime factors of i?
2, 5, 7, 43
Let p(q) = 209*q**3 + 32*q**2 - 47*q + 177. What are the prime factors of p(5)?
67, 401
Suppose 6*b - 45 = b. Suppose b*f - 96 = f. What are the prime factors of f/(-36) - 319/(-3)?
2, 53
Suppose 0 = 9*b - 1169 - 3457. Suppose c - 286 = b. Suppose -c = -5*o - 55. What are the prime factors of o?
149
Let k(c) = c**3 + 0*c**3 - 4*c**2 - 4*c + 105 - 110. Let r be k(5). Suppose r = -3*f - 0*f + 294. What are the prime factors of f?
2, 7
Suppose 4*l - 2*m = 5568, -5*m + 2435 = 2*l - 349. Suppose -2*p + 722 = -l. What are the prime factors of p?
7, 151
Let b(l) = -5*l**2 - 14*l - 102. Let p be b(-13). Let v = -389 - p. List the prime factors of v.
2, 47
Let c(v) = 14*v + 125. Let g(a) = 14*a + 125. Let b(r) = 3*c(r) - 4*g(r). List the prime factors of b(-29).
281
Suppose -4*v + 38033 = 10317. What are the prime factors of v?
13, 41
Let l(c) = -34*c - 23. Let v be -7*6/12 + (-1)/(-2). Let h be -1*(v/(-9) - (-42)/9). List the prime factors of l(h).
3, 7
Let b(s) = s**2 + s + 16. Let x be b(-8). Let v be ((-25)/4)/5*4. Let d = v + x. What are the prime factors of d?
67
Suppose 278*o = -4*g + 277*o + 128863, g + 3*o - 32213 = 0. List the prime factors of g.
2, 4027
Let s be (1197/33)/7 + (-2)/11. Suppose -s*d + 1905 = 2*w, -776 = -2*d + w + w. Suppose 5*v - d = 602. List the prime factors of v.
197
Suppose 525 = 40*y - 39*y. Suppose -4*w + 1417 = k, y - 176 = w - 5*k. Let g = w + -188. What are the prime factors of g?
2, 83
Let y(t) = -t**3 + 24*t**2 - 21*t - 46. Let q be y(23). Suppose 0 = -w + 3, q = -2*k - 4*w - 337 + 1407. What are the prime factors of k?
23
Suppose -5*o + 5 = 3*i, -2*o + 0*i = -i - 2. Let h be o - (-4 - 7)*-1. Let a(b) = -7*b - 13. List the prime factors of a(h).
3, 19
Suppose -23*j = -w - 26*j + 35965, 3*w + j - 107887 = 0. What are the prime factors of w?
2, 17981
Let w = -4222 - -7769. List the prime factors of w.
3547
Let j be 17/(-34)*-8*2. Suppose 0 = 2*c + j, -5*a + 4*c + 4861 = -0*a. What are the prime factors of a?
3, 17, 19
Let s(v) = 3*v + 59. Suppose 5*u = -196 + 101. Let g be s(u). What are the prime factors of (-2)/10 - g*(-1071)/10?
2, 107
Suppose 30*q + 38*q = 89*q - 74739. List the prime factors of q.
3559
Let p(m) = 10*m - 19. Let v be (24/(-10))/(-4) - (-3)/(-5). Suppose v = -2*b + 12. What are the prime factors of p(b)?
41
Let w = 396 - 394. Suppose m + 2*m = 4*y + 81, -17 = -m - w*y. List the prime factors of m.
23
Let a = 15355 - 776. What are the prime factors of a?
61, 239
List the prime factors of -14 - (4 - -9 - 583).
2, 139
What are the prime factors of 96136/48 + (78/36)/13?
2003
Let z be (2 + ((-132)/1 - -2))*2. What are the prime factors of z/(3*(-1)/3)?
2
Let r be 8/8*1391 - -5. Let g = -774 + r. What are the prime factors of g?
2, 311
Suppose -64*o = -78*o + 232372. List the prime factors of o.
2, 43, 193
Let d be (-10)/(2 - 7) + (5 - 1900). Let h = -953 - d. What are the prime factors of h?
2, 5, 47
List the prime factors of 25767 - 4 - (-22)/((-418)/(-95)).
2, 3221
What are the prime factors of (-29826)/(-4)*264/198*(-3)/(-9)?
2, 1657
Suppose 883 = 3*s - a, -s - 4*a + 598 = s. Suppose -4*b = 2*r - 1035 - s, 3*r - 9 = 0. List the prime factors of b.
331
Let p = 58248 + -40881. What are the prime factors of p?
3, 7, 827
Suppose 0 = 7*a + 14. Let h = 305 - a. List the prime factors of h.
307
Let t(v) = -127*v - 4. Let l be t(-5). Suppose 417 = 4*n - l. Suppose -61*i = -59*i - n. List the prime factors of i.
131
Let h be (0 - -4)*(-3)/(-2). Suppose 1 = h*s - 23. Suppose -3*l = o - 158, -4*o - 2*l = -s*l - 674. What are the prime factors of o?
167
Let g(d) = 381*d**2 + 2 + 656*d - 48*d**2 - 659*d - 1. List the prime factors of g(2).
1327
Suppose -4*g - 3*z + 2916 = 0, 0 = -4*z - z - 20. Let n = g + -322. What are the prime factors of n?
2, 5, 41
Let b(u) = 31*u**2 - 3*u - 4. Let c be b(-3). Let h = 659 - c. Suppose -4*d + 285 = -0*d - j, 0 = -5*d + 5*j + h. What are the prime factors of d?
2, 5, 7
Let t = 72 - 32. Let j = t + -36. Suppose -j*o + 47 = 11. List the prime factors of o.
3
Let z(f) = 4*f + f**2 - 13 + 0*f - 6. Let r be z(-7). List the prime factors of ((-17)/(-34))/(r/428).
107
Let o(j) = -j**2 + 6*j + 5. Let i be o(6). Suppose i*m = -669 + 2549. What are the prime factors of m?
2, 47
Let m(r) = 6*r**3 + 2*r**2 + 11*r - 2. List the prime factors of m(10).
2, 19, 83
Let h be 1/((-1)/(-6)*6/4). Suppose 0 = 4*v - 20, -h*b + 2*b = -v - 33. Let q = b - -44. What are the prime factors of q?
3, 7
Let r(z) = -z**3 - 7*z**2 - 7*z - 5. Let c be r(-6). Suppose -2*j - 2 = i, -4*i - c = 6*j - 5*j. What are the prime factors of 29 + -4 - (4/(-2) + j)?
2, 7
Let w be 108/(-45)*(-1)/(6/15). Suppose -w*i + 4*i - 3*a + 810 = 0, -3*a = 3*i - 1218. What are the prime factors of i?
2, 3, 17
Suppose -5*l + m = -52772, -19*l = -20*l + 5*m + 10588. List the prime factors of l.
61, 173
Suppose 4*s - 2*m - 6520 = 0, -m - 8 = -3*m. What are the prime factors of (0/(-4) - -3) + s/3?
547
Let t(j) = -2*j - 9. Let d be (-1 + 1/3)/((-1)/3). Suppose 0 = d*y + 1 + 47. What are the prime factors of t(y)?
3, 13
Suppose -4 = -2*r - 0. Suppose r*b + 4*a + 209 = 3*b, -4*b = -2*a - 906. Suppose -5*h - b = -2*c, 0 = -5*c + h + 3*h + 615. List the prime factors of c.
127
Let t = 9 + -5. Suppose -5*q = -4*y + 4 - 16, t*q = y + 3. Suppose -4*s - g + 28 = q, 0 = -3*s - 0*s - 3*g + 30. What are the prime factors of s?
2, 3
Suppose -354*f = 60*f - 4464162. List the prime factors of f.
41, 263
Suppose 0 = 5*i - 7 - 18. Suppose d = -i*d + 4374. Suppose 2*r + 5*x = 285, -r + d = 4*r - 4*x. What are the prime factors of r?
5, 29
Let o(d) = d - 53. Let f be o(16). Let z = -35 - f. Suppose z*v + n - 2*n - 149 = 0, -2*v = -3*n - 147. List the prime factors of v.
3, 5
List the prime factors of 7*(-10)/(-4)*(4 + 15060/50).
7, 109
Let w = 27336 + -8234. Suppose 13*d = w - 4971. List the prime factors of d.
1087
Suppose 319*j - 16 = 315*j. Suppose -9*k + j*k = -3*r - 182, 3*k = 4*r + 250. Let y = r - -138. List the prime factors of y.
2, 37
Suppose -63*i + 31*i = -31*i - 24212. What are the prime factors of i?
2, 6053
Suppose 4*h = -22*a + 17*a + 13019, -5*h + 16357 = -3*